{"id":34218,"date":"2021-11-24T12:21:33","date_gmt":"2022-01-27T10:31:52","guid":{"rendered":"https:\/\/lespiculins.com\/producto\/mala-vichy-linho\/"},"modified":"2022-01-27T11:31:52","modified_gmt":"2022-01-27T10:31:52","slug":"bag-bread-vichy-linho","status":"publish","type":"product","link":"https:\/\/lespiculins.com\/pt-pt\/produto\/bag-bread-vichy-linho\/","title":{"rendered":"Mala Vichy Linho"},"content":{"rendered":"","protected":false},"excerpt":{"rendered":"<p>Saco panera na cor de linho vichy com Lazadas na mesma impress\u00e3o<\/p>\n<p>Se preferir os loops em Plumeti branco ou Bambula, basta indicar em Observa\u00e7\u00f5es.<\/p>\n<p>Os nossos sacos de panera t\u00eam pegas &#8220;remover e colocar&#8221; para que possa lav\u00e1-las sem ter de lavar o saco inteiro. Tamb\u00e9m usam uma pega comprida para se pendurarem no ombro.<\/p>\n<p>Interior plastiuado com dois bolsos para ter as suas pequenas coisas \u00e0 m\u00e3o.<\/p>\n<p>Se quiser manter a sua mala como primeiro dia, siga as nossas dicas de lavagem. Maquinado, com o detergente hipoalerg\u00e9nico do seu beb\u00e9, max. 30\u00baC. Quando passar a ferro n\u00e3o pressione a pe\u00e7a de roupa com o ferro para que o recheio n\u00e3o des\u00e7a, aplique muito vapor para remover as rugas.<\/p>\n","protected":false},"featured_media":33365,"template":"","meta":{"_joinchat":[]},"product_cat":[138],"product_tag":[329],"yoast_head":"<!-- This site is optimized with the Yoast SEO plugin v21.5 - https:\/\/yoast.com\/wordpress\/plugins\/seo\/ -->\n<title>Mala Vichy Linho - Les Piculins<\/title>\n<meta name=\"robots\" content=\"index, follow, max-snippet:-1, max-image-preview:large, max-video-preview:-1\" \/>\n<link rel=\"canonical\" href=\"https:\/\/lespiculins.com\/pt-pt\/produto\/bag-bread-vichy-linho\/\" \/>\n<meta property=\"og:locale\" content=\"pt_PT\" \/>\n<meta property=\"og:type\" content=\"article\" \/>\n<meta property=\"og:title\" content=\"Mala Vichy Linho - Les Piculins\" \/>\n<meta property=\"og:description\" content=\"Saco panera na cor de linho vichy com Lazadas na mesma impress\u00e3o Se preferir os loops em Plumeti branco ou Bambula, basta indicar em Observa\u00e7\u00f5es. Os nossos sacos de panera t\u00eam pegas &quot;remover e colocar&quot; para que possa lav\u00e1-las sem ter de lavar o saco inteiro. Tamb\u00e9m usam uma pega comprida para se pendurarem no ombro. Interior plastiuado com dois bolsos para ter as suas pequenas coisas \u00e0 m\u00e3o. Se quiser manter a sua mala como primeiro dia, siga as nossas dicas de lavagem. Maquinado, com o detergente hipoalerg\u00e9nico do seu beb\u00e9, max. 30\u00baC. Quando passar a ferro n\u00e3o pressione a pe\u00e7a de roupa com o ferro para que o recheio n\u00e3o des\u00e7a, aplique muito vapor para remover as rugas.\" \/>\n<meta property=\"og:url\" content=\"https:\/\/lespiculins.com\/pt-pt\/produto\/bag-bread-vichy-linho\/\" \/>\n<meta property=\"og:site_name\" content=\"Les Piculins\" \/>\n<meta property=\"og:image\" content=\"https:\/\/lespiculins.com\/wp-content\/uploads\/2021\/11\/vichypiedra1-1.jpg\" \/>\n\t<meta property=\"og:image:width\" content=\"1080\" \/>\n\t<meta property=\"og:image:height\" content=\"849\" \/>\n\t<meta property=\"og:image:type\" content=\"image\/jpeg\" \/>\n<meta name=\"twitter:card\" content=\"summary_large_image\" \/>\n<script type=\"application\/ld+json\" class=\"yoast-schema-graph\">{\"@context\":\"https:\/\/schema.org\",\"@graph\":[{\"@type\":\"WebPage\",\"@id\":\"https:\/\/lespiculins.com\/pt-pt\/produto\/bag-bread-vichy-linho\/\",\"url\":\"https:\/\/lespiculins.com\/pt-pt\/produto\/bag-bread-vichy-linho\/\",\"name\":\"Mala Vichy Linho - Les Piculins\",\"isPartOf\":{\"@id\":\"https:\/\/lespiculins.com\/pt-pt\/#website\"},\"datePublished\":\"2022-01-27T10:31:52+00:00\",\"dateModified\":\"2022-01-27T10:31:52+00:00\",\"breadcrumb\":{\"@id\":\"https:\/\/lespiculins.com\/pt-pt\/produto\/bag-bread-vichy-linho\/#breadcrumb\"},\"inLanguage\":\"pt-PT\",\"potentialAction\":[{\"@type\":\"ReadAction\",\"target\":[\"https:\/\/lespiculins.com\/pt-pt\/produto\/bag-bread-vichy-linho\/\"]}]},{\"@type\":\"BreadcrumbList\",\"@id\":\"https:\/\/lespiculins.com\/pt-pt\/produto\/bag-bread-vichy-linho\/#breadcrumb\",\"itemListElement\":[{\"@type\":\"ListItem\",\"position\":1,\"name\":\"Portada\",\"item\":\"https:\/\/lespiculins.com\/pt-pt\/inicio\/\"},{\"@type\":\"ListItem\",\"position\":2,\"name\":\"Loja\",\"item\":\"https:\/\/lespiculins.com\/pt-pt\/loja\/\"},{\"@type\":\"ListItem\",\"position\":3,\"name\":\"Mala Vichy Linho\"}]},{\"@type\":\"WebSite\",\"@id\":\"https:\/\/lespiculins.com\/pt-pt\/#website\",\"url\":\"https:\/\/lespiculins.com\/pt-pt\/\",\"name\":\"Les Piculins\",\"description\":\"Fundas para carritos, bugaboo, maclaren, icoo, bebecar, mima...\",\"potentialAction\":[{\"@type\":\"SearchAction\",\"target\":{\"@type\":\"EntryPoint\",\"urlTemplate\":\"https:\/\/lespiculins.com\/pt-pt\/?s={search_term_string}\"},\"query-input\":\"required name=search_term_string\"}],\"inLanguage\":\"pt-PT\"}]}<\/script>\n<!-- \/ Yoast SEO plugin. -->","yoast_head_json":{"title":"Mala Vichy Linho - Les Piculins","robots":{"index":"index","follow":"follow","max-snippet":"max-snippet:-1","max-image-preview":"max-image-preview:large","max-video-preview":"max-video-preview:-1"},"canonical":"https:\/\/lespiculins.com\/pt-pt\/produto\/bag-bread-vichy-linho\/","og_locale":"pt_PT","og_type":"article","og_title":"Mala Vichy Linho - Les Piculins","og_description":"Saco panera na cor de linho vichy com Lazadas na mesma impress\u00e3o Se preferir os loops em Plumeti branco ou Bambula, basta indicar em Observa\u00e7\u00f5es. Os nossos sacos de panera t\u00eam pegas \"remover e colocar\" para que possa lav\u00e1-las sem ter de lavar o saco inteiro. Tamb\u00e9m usam uma pega comprida para se pendurarem no ombro. Interior plastiuado com dois bolsos para ter as suas pequenas coisas \u00e0 m\u00e3o. Se quiser manter a sua mala como primeiro dia, siga as nossas dicas de lavagem. Maquinado, com o detergente hipoalerg\u00e9nico do seu beb\u00e9, max. 30\u00baC. Quando passar a ferro n\u00e3o pressione a pe\u00e7a de roupa com o ferro para que o recheio n\u00e3o des\u00e7a, aplique muito vapor para remover as rugas.","og_url":"https:\/\/lespiculins.com\/pt-pt\/produto\/bag-bread-vichy-linho\/","og_site_name":"Les Piculins","og_image":[{"width":1080,"height":849,"url":"https:\/\/lespiculins.com\/wp-content\/uploads\/2021\/11\/vichypiedra1-1.jpg","type":"image\/jpeg"}],"twitter_card":"summary_large_image","schema":{"@context":"https:\/\/schema.org","@graph":[{"@type":"WebPage","@id":"https:\/\/lespiculins.com\/pt-pt\/produto\/bag-bread-vichy-linho\/","url":"https:\/\/lespiculins.com\/pt-pt\/produto\/bag-bread-vichy-linho\/","name":"Mala Vichy Linho - Les Piculins","isPartOf":{"@id":"https:\/\/lespiculins.com\/pt-pt\/#website"},"datePublished":"2022-01-27T10:31:52+00:00","dateModified":"2022-01-27T10:31:52+00:00","breadcrumb":{"@id":"https:\/\/lespiculins.com\/pt-pt\/produto\/bag-bread-vichy-linho\/#breadcrumb"},"inLanguage":"pt-PT","potentialAction":[{"@type":"ReadAction","target":["https:\/\/lespiculins.com\/pt-pt\/produto\/bag-bread-vichy-linho\/"]}]},{"@type":"BreadcrumbList","@id":"https:\/\/lespiculins.com\/pt-pt\/produto\/bag-bread-vichy-linho\/#breadcrumb","itemListElement":[{"@type":"ListItem","position":1,"name":"Portada","item":"https:\/\/lespiculins.com\/pt-pt\/inicio\/"},{"@type":"ListItem","position":2,"name":"Loja","item":"https:\/\/lespiculins.com\/pt-pt\/loja\/"},{"@type":"ListItem","position":3,"name":"Mala Vichy Linho"}]},{"@type":"WebSite","@id":"https:\/\/lespiculins.com\/pt-pt\/#website","url":"https:\/\/lespiculins.com\/pt-pt\/","name":"Les Piculins","description":"Fundas para carritos, bugaboo, maclaren, icoo, bebecar, mima...","potentialAction":[{"@type":"SearchAction","target":{"@type":"EntryPoint","urlTemplate":"https:\/\/lespiculins.com\/pt-pt\/?s={search_term_string}"},"query-input":"required name=search_term_string"}],"inLanguage":"pt-PT"}]}},"_links":{"self":[{"href":"https:\/\/lespiculins.com\/pt-pt\/wp-json\/wp\/v2\/product\/34218"}],"collection":[{"href":"https:\/\/lespiculins.com\/pt-pt\/wp-json\/wp\/v2\/product"}],"about":[{"href":"https:\/\/lespiculins.com\/pt-pt\/wp-json\/wp\/v2\/types\/product"}],"wp:featuredmedia":[{"embeddable":true,"href":"https:\/\/lespiculins.com\/pt-pt\/wp-json\/wp\/v2\/media\/33365"}],"wp:attachment":[{"href":"https:\/\/lespiculins.com\/pt-pt\/wp-json\/wp\/v2\/media?parent=34218"}],"wp:term":[{"taxonomy":"product_cat","embeddable":true,"href":"https:\/\/lespiculins.com\/pt-pt\/wp-json\/wp\/v2\/product_cat?post=34218"},{"taxonomy":"product_tag","embeddable":true,"href":"https:\/\/lespiculins.com\/pt-pt\/wp-json\/wp\/v2\/product_tag?post=34218"}],"curies":[{"name":"wp","href":"https:\/\/api.w.org\/{rel}","templated":true}]}}

<p>Saco panera na cor de linho vichy com Lazadas na mesma impressão</p>
<p>Se preferir os loops em Plumeti branco ou Bambula, basta indicar em Observações.</p>
<p>Os nossos sacos de panera têm pegas &#8220;remover e colocar&#8221; para que possa lavá-las sem ter de lavar o saco inteiro. Também usam uma pega comprida para se pendurarem no ombro.</p>
<p>Interior plastiuado com dois bolsos para ter as suas pequenas coisas à mão.</p>
<p>Se quiser manter a sua mala como primeiro dia, siga as nossas dicas de lavagem. Maquinado, com o detergente hipoalergénico do seu bebé, max. 30ºC. Quando passar a ferro não pressione a peça de roupa com o ferro para que o recheio não desça, aplique muito vapor para remover as rugas.</p>

<!-- This site is optimized with the Yoast SEO plugin v21.5 - https://yoast.com/wordpress/plugins/seo/ -->
<title>Mala Vichy Linho - Les Piculins</title>
<meta name="robots" content="index, follow, max-snippet:-1, max-image-preview:large, max-video-preview:-1" />
<link rel="canonical" href="https://lespiculins.com/pt-pt/produto/bag-bread-vichy-linho/" />
<meta property="og:locale" content="pt_PT" />
<meta property="og:type" content="article" />
<meta property="og:title" content="Mala Vichy Linho - Les Piculins" />
<meta property="og:description" content="Saco panera na cor de linho vichy com Lazadas na mesma impressão Se preferir os loops em Plumeti branco ou Bambula, basta indicar em Observações. Os nossos sacos de panera têm pegas &quot;remover e colocar&quot; para que possa lavá-las sem ter de lavar o saco inteiro. Também usam uma pega comprida para se pendurarem no ombro. Interior plastiuado com dois bolsos para ter as suas pequenas coisas à mão. Se quiser manter a sua mala como primeiro dia, siga as nossas dicas de lavagem. Maquinado, com o detergente hipoalergénico do seu bebé, max. 30ºC. Quando passar a ferro não pressione a peça de roupa com o ferro para que o recheio não desça, aplique muito vapor para remover as rugas." />
<meta property="og:url" content="https://lespiculins.com/pt-pt/produto/bag-bread-vichy-linho/" />
<meta property="og:site_name" content="Les Piculins" />
<meta property="og:image" content="https://lespiculins.com/wp-content/uploads/2021/11/vichypiedra1-1.jpg" />
	<meta property="og:image:width" content="1080" />
	<meta property="og:image:height" content="849" />
	<meta property="og:image:type" content="image/jpeg" />
<meta name="twitter:card" content="summary_large_image" />
<script type="application/ld+json" class="yoast-schema-graph">{"@context":"https://schema.org","@graph":[{"@type":"WebPage","@id":"https://lespiculins.com/pt-pt/produto/bag-bread-vichy-linho/","url":"https://lespiculins.com/pt-pt/produto/bag-bread-vichy-linho/","name":"Mala Vichy Linho - Les Piculins","isPartOf":{"@id":"https://lespiculins.com/pt-pt/#website"},"datePublished":"2022-01-27T10:31:52+00:00","dateModified":"2022-01-27T10:31:52+00:00","breadcrumb":{"@id":"https://lespiculins.com/pt-pt/produto/bag-bread-vichy-linho/#breadcrumb"},"inLanguage":"pt-PT","potentialAction":[{"@type":"ReadAction","target":["https://lespiculins.com/pt-pt/produto/bag-bread-vichy-linho/"]}]},{"@type":"BreadcrumbList","@id":"https://lespiculins.com/pt-pt/produto/bag-bread-vichy-linho/#breadcrumb","itemListElement":[{"@type":"ListItem","position":1,"name":"Portada","item":"https://lespiculins.com/pt-pt/inicio/"},{"@type":"ListItem","position":2,"name":"Loja","item":"https://lespiculins.com/pt-pt/loja/"},{"@type":"ListItem","position":3,"name":"Mala Vichy Linho"}]},{"@type":"WebSite","@id":"https://lespiculins.com/pt-pt/#website","url":"https://lespiculins.com/pt-pt/","name":"Les Piculins","description":"Fundas para carritos, bugaboo, maclaren, icoo, bebecar, mima...","potentialAction":[{"@type":"SearchAction","target":{"@type":"EntryPoint","urlTemplate":"https://lespiculins.com/pt-pt/?s={search_term_string}"},"query-input":"required name=search_term_string"}],"inLanguage":"pt-PT"}]}</script>
<!-- / Yoast SEO plugin. -->

Saco panera na cor de linho vichy com Lazadas na mesma impressão Se preferir os loops em Plumeti branco ou Bambula, basta indicar em Observações. Os nossos sacos de panera têm pegas "remover e colocar" para que possa lavá-las sem ter de lavar o saco inteiro. Também usam uma pega comprida para se pendurarem no ombro. Interior plastiuado com dois bolsos para ter as suas pequenas coisas à mão. Se quiser manter a sua mala como primeiro dia, siga as nossas dicas de lavagem. Maquinado, com o detergente hipoalergénico do seu bebé, max. 30ºC. Quando passar a ferro não pressione a peça de roupa com o ferro para que o recheio não desça, aplique muito vapor para remover as rugas.
