{"id":34216,"date":"2021-11-29T13:12:21","date_gmt":"2022-01-27T10:31:09","guid":{"rendered":"https:\/\/lespiculins.com\/producto\/saco-alcofa-vichy-e-trico-rosa-macia\/"},"modified":"2022-01-27T11:31:09","modified_gmt":"2022-01-27T10:31:09","slug":"saco-carrycot-vichy-e-point-rosa-soft","status":"publish","type":"product","link":"https:\/\/lespiculins.com\/pt-pt\/produto\/saco-carrycot-vichy-e-point-rosa-soft\/","title":{"rendered":"Saco Alcofa Vichy e Tric\u00f4 Rosa Macia"},"content":{"rendered":"","protected":false},"excerpt":{"rendered":"<p>PRAZO DE ENTREGA 7-10 DIAS<\/p>\n<p>Saco para Carrycot em Vichy rosa macio com capa em malha rosa com uma tran\u00e7a central. Embozo con volantito en vichy.<\/p>\n<p>Este saco \u00e9 composto por tr\u00eas pe\u00e7as: base ou colch\u00e3o, cobertura amov\u00edvel por dois fechos laterais e almofada revers\u00edvel que reserva o colch\u00e3o de poss\u00edveis manchas.<\/p>\n<p>Como todos os nossos acess\u00f3rios, os sacos de bagagem s\u00e3o lav\u00e1veis. Recomendamos a lavagem para prednas delicadas, m\u00e1x. 30\u00ba C com o detergente hipoalerg\u00e9nico que normalmente utiliza para o seu beb\u00e9. \u00c9 prefer\u00edvel n\u00e3o utilizar um secador. Ao passar a ferro, n\u00e3o pressione as pe\u00e7as com o ferro de modo a que n\u00e3o baixe o recheio e permane\u00e7a acolchoado. Aplique muito vapor para remover as rugas e higienizar as pe\u00e7as de vestu\u00e1rio.<\/p>\n<p>Combine a bolsa do seu beb\u00e9 com a tampa da parede, o saco de p\u00e3o e a capota correspondente.<\/p>\n","protected":false},"featured_media":33440,"template":"","meta":{"_joinchat":[]},"product_cat":[224],"product_tag":[324,336],"yoast_head":"<!-- This site is optimized with the Yoast SEO plugin v21.5 - https:\/\/yoast.com\/wordpress\/plugins\/seo\/ -->\n<title>Saco Alcofa Vichy e Tric\u00f4 Rosa Macia - Les Piculins<\/title>\n<meta name=\"robots\" content=\"index, follow, max-snippet:-1, max-image-preview:large, max-video-preview:-1\" \/>\n<link rel=\"canonical\" href=\"https:\/\/lespiculins.com\/pt-pt\/produto\/saco-carrycot-vichy-e-point-rosa-soft\/\" \/>\n<meta property=\"og:locale\" content=\"pt_PT\" \/>\n<meta property=\"og:type\" content=\"article\" \/>\n<meta property=\"og:title\" content=\"Saco Alcofa Vichy e Tric\u00f4 Rosa Macia - Les Piculins\" \/>\n<meta property=\"og:description\" content=\"PRAZO DE ENTREGA 7-10 DIAS Saco para Carrycot em Vichy rosa macio com capa em malha rosa com uma tran\u00e7a central. Embozo con volantito en vichy. Este saco \u00e9 composto por tr\u00eas pe\u00e7as: base ou colch\u00e3o, cobertura amov\u00edvel por dois fechos laterais e almofada revers\u00edvel que reserva o colch\u00e3o de poss\u00edveis manchas. Como todos os nossos acess\u00f3rios, os sacos de bagagem s\u00e3o lav\u00e1veis. Recomendamos a lavagem para prednas delicadas, m\u00e1x. 30\u00ba C com o detergente hipoalerg\u00e9nico que normalmente utiliza para o seu beb\u00e9. \u00c9 prefer\u00edvel n\u00e3o utilizar um secador. Ao passar a ferro, n\u00e3o pressione as pe\u00e7as com o ferro de modo a que n\u00e3o baixe o recheio e permane\u00e7a acolchoado. Aplique muito vapor para remover as rugas e higienizar as pe\u00e7as de vestu\u00e1rio. Combine a bolsa do seu beb\u00e9 com a tampa da parede, o saco de p\u00e3o e a capota correspondente.\" \/>\n<meta property=\"og:url\" content=\"https:\/\/lespiculins.com\/pt-pt\/produto\/saco-carrycot-vichy-e-point-rosa-soft\/\" \/>\n<meta property=\"og:site_name\" content=\"Les Piculins\" \/>\n<meta name=\"twitter:card\" content=\"summary_large_image\" \/>\n<script type=\"application\/ld+json\" class=\"yoast-schema-graph\">{\"@context\":\"https:\/\/schema.org\",\"@graph\":[{\"@type\":\"WebPage\",\"@id\":\"https:\/\/lespiculins.com\/pt-pt\/produto\/saco-carrycot-vichy-e-point-rosa-soft\/\",\"url\":\"https:\/\/lespiculins.com\/pt-pt\/produto\/saco-carrycot-vichy-e-point-rosa-soft\/\",\"name\":\"Saco Alcofa Vichy e Tric\u00f4 Rosa Macia - Les Piculins\",\"isPartOf\":{\"@id\":\"https:\/\/lespiculins.com\/pt-pt\/#website\"},\"datePublished\":\"2022-01-27T10:31:09+00:00\",\"dateModified\":\"2022-01-27T10:31:09+00:00\",\"breadcrumb\":{\"@id\":\"https:\/\/lespiculins.com\/pt-pt\/produto\/saco-carrycot-vichy-e-point-rosa-soft\/#breadcrumb\"},\"inLanguage\":\"pt-PT\",\"potentialAction\":[{\"@type\":\"ReadAction\",\"target\":[\"https:\/\/lespiculins.com\/pt-pt\/produto\/saco-carrycot-vichy-e-point-rosa-soft\/\"]}]},{\"@type\":\"BreadcrumbList\",\"@id\":\"https:\/\/lespiculins.com\/pt-pt\/produto\/saco-carrycot-vichy-e-point-rosa-soft\/#breadcrumb\",\"itemListElement\":[{\"@type\":\"ListItem\",\"position\":1,\"name\":\"Portada\",\"item\":\"https:\/\/lespiculins.com\/pt-pt\/inicio\/\"},{\"@type\":\"ListItem\",\"position\":2,\"name\":\"Loja\",\"item\":\"https:\/\/lespiculins.com\/pt-pt\/loja\/\"},{\"@type\":\"ListItem\",\"position\":3,\"name\":\"Saco Alcofa Vichy e Tric\u00f4 Rosa Macia\"}]},{\"@type\":\"WebSite\",\"@id\":\"https:\/\/lespiculins.com\/pt-pt\/#website\",\"url\":\"https:\/\/lespiculins.com\/pt-pt\/\",\"name\":\"Les Piculins\",\"description\":\"Fundas para carritos, bugaboo, maclaren, icoo, bebecar, mima...\",\"potentialAction\":[{\"@type\":\"SearchAction\",\"target\":{\"@type\":\"EntryPoint\",\"urlTemplate\":\"https:\/\/lespiculins.com\/pt-pt\/?s={search_term_string}\"},\"query-input\":\"required name=search_term_string\"}],\"inLanguage\":\"pt-PT\"}]}<\/script>\n<!-- \/ Yoast SEO plugin. -->","yoast_head_json":{"title":"Saco Alcofa Vichy e Tric\u00f4 Rosa Macia - Les Piculins","robots":{"index":"index","follow":"follow","max-snippet":"max-snippet:-1","max-image-preview":"max-image-preview:large","max-video-preview":"max-video-preview:-1"},"canonical":"https:\/\/lespiculins.com\/pt-pt\/produto\/saco-carrycot-vichy-e-point-rosa-soft\/","og_locale":"pt_PT","og_type":"article","og_title":"Saco Alcofa Vichy e Tric\u00f4 Rosa Macia - Les Piculins","og_description":"PRAZO DE ENTREGA 7-10 DIAS Saco para Carrycot em Vichy rosa macio com capa em malha rosa com uma tran\u00e7a central. Embozo con volantito en vichy. Este saco \u00e9 composto por tr\u00eas pe\u00e7as: base ou colch\u00e3o, cobertura amov\u00edvel por dois fechos laterais e almofada revers\u00edvel que reserva o colch\u00e3o de poss\u00edveis manchas. Como todos os nossos acess\u00f3rios, os sacos de bagagem s\u00e3o lav\u00e1veis. Recomendamos a lavagem para prednas delicadas, m\u00e1x. 30\u00ba C com o detergente hipoalerg\u00e9nico que normalmente utiliza para o seu beb\u00e9. \u00c9 prefer\u00edvel n\u00e3o utilizar um secador. Ao passar a ferro, n\u00e3o pressione as pe\u00e7as com o ferro de modo a que n\u00e3o baixe o recheio e permane\u00e7a acolchoado. Aplique muito vapor para remover as rugas e higienizar as pe\u00e7as de vestu\u00e1rio. Combine a bolsa do seu beb\u00e9 com a tampa da parede, o saco de p\u00e3o e a capota correspondente.","og_url":"https:\/\/lespiculins.com\/pt-pt\/produto\/saco-carrycot-vichy-e-point-rosa-soft\/","og_site_name":"Les Piculins","twitter_card":"summary_large_image","schema":{"@context":"https:\/\/schema.org","@graph":[{"@type":"WebPage","@id":"https:\/\/lespiculins.com\/pt-pt\/produto\/saco-carrycot-vichy-e-point-rosa-soft\/","url":"https:\/\/lespiculins.com\/pt-pt\/produto\/saco-carrycot-vichy-e-point-rosa-soft\/","name":"Saco Alcofa Vichy e Tric\u00f4 Rosa Macia - Les Piculins","isPartOf":{"@id":"https:\/\/lespiculins.com\/pt-pt\/#website"},"datePublished":"2022-01-27T10:31:09+00:00","dateModified":"2022-01-27T10:31:09+00:00","breadcrumb":{"@id":"https:\/\/lespiculins.com\/pt-pt\/produto\/saco-carrycot-vichy-e-point-rosa-soft\/#breadcrumb"},"inLanguage":"pt-PT","potentialAction":[{"@type":"ReadAction","target":["https:\/\/lespiculins.com\/pt-pt\/produto\/saco-carrycot-vichy-e-point-rosa-soft\/"]}]},{"@type":"BreadcrumbList","@id":"https:\/\/lespiculins.com\/pt-pt\/produto\/saco-carrycot-vichy-e-point-rosa-soft\/#breadcrumb","itemListElement":[{"@type":"ListItem","position":1,"name":"Portada","item":"https:\/\/lespiculins.com\/pt-pt\/inicio\/"},{"@type":"ListItem","position":2,"name":"Loja","item":"https:\/\/lespiculins.com\/pt-pt\/loja\/"},{"@type":"ListItem","position":3,"name":"Saco Alcofa Vichy e Tric\u00f4 Rosa Macia"}]},{"@type":"WebSite","@id":"https:\/\/lespiculins.com\/pt-pt\/#website","url":"https:\/\/lespiculins.com\/pt-pt\/","name":"Les Piculins","description":"Fundas para carritos, bugaboo, maclaren, icoo, bebecar, mima...","potentialAction":[{"@type":"SearchAction","target":{"@type":"EntryPoint","urlTemplate":"https:\/\/lespiculins.com\/pt-pt\/?s={search_term_string}"},"query-input":"required name=search_term_string"}],"inLanguage":"pt-PT"}]}},"_links":{"self":[{"href":"https:\/\/lespiculins.com\/pt-pt\/wp-json\/wp\/v2\/product\/34216"}],"collection":[{"href":"https:\/\/lespiculins.com\/pt-pt\/wp-json\/wp\/v2\/product"}],"about":[{"href":"https:\/\/lespiculins.com\/pt-pt\/wp-json\/wp\/v2\/types\/product"}],"wp:featuredmedia":[{"embeddable":true,"href":"https:\/\/lespiculins.com\/pt-pt\/wp-json\/wp\/v2\/media\/33440"}],"wp:attachment":[{"href":"https:\/\/lespiculins.com\/pt-pt\/wp-json\/wp\/v2\/media?parent=34216"}],"wp:term":[{"taxonomy":"product_cat","embeddable":true,"href":"https:\/\/lespiculins.com\/pt-pt\/wp-json\/wp\/v2\/product_cat?post=34216"},{"taxonomy":"product_tag","embeddable":true,"href":"https:\/\/lespiculins.com\/pt-pt\/wp-json\/wp\/v2\/product_tag?post=34216"}],"curies":[{"name":"wp","href":"https:\/\/api.w.org\/{rel}","templated":true}]}}

Saco Alcofa Vichy e Tricô Rosa Macia

<p>PRAZO DE ENTREGA 7-10 DIAS</p>
<p>Saco para Carrycot em Vichy rosa macio com capa em malha rosa com uma trança central. Embozo con volantito en vichy.</p>
<p>Este saco é composto por três peças: base ou colchão, cobertura amovível por dois fechos laterais e almofada reversível que reserva o colchão de possíveis manchas.</p>
<p>Como todos os nossos acessórios, os sacos de bagagem são laváveis. Recomendamos a lavagem para prednas delicadas, máx. 30º C com o detergente hipoalergénico que normalmente utiliza para o seu bebé. É preferível não utilizar um secador. Ao passar a ferro, não pressione as peças com o ferro de modo a que não baixe o recheio e permaneça acolchoado. Aplique muito vapor para remover as rugas e higienizar as peças de vestuário.</p>
<p>Combine a bolsa do seu bebé com a tampa da parede, o saco de pão e a capota correspondente.</p>

<!-- This site is optimized with the Yoast SEO plugin v21.5 - https://yoast.com/wordpress/plugins/seo/ -->
<title>Saco Alcofa Vichy e Tricô Rosa Macia - Les Piculins</title>
<meta name="robots" content="index, follow, max-snippet:-1, max-image-preview:large, max-video-preview:-1" />
<link rel="canonical" href="https://lespiculins.com/pt-pt/produto/saco-carrycot-vichy-e-point-rosa-soft/" />
<meta property="og:locale" content="pt_PT" />
<meta property="og:type" content="article" />
<meta property="og:title" content="Saco Alcofa Vichy e Tricô Rosa Macia - Les Piculins" />
<meta property="og:description" content="PRAZO DE ENTREGA 7-10 DIAS Saco para Carrycot em Vichy rosa macio com capa em malha rosa com uma trança central. Embozo con volantito en vichy. Este saco é composto por três peças: base ou colchão, cobertura amovível por dois fechos laterais e almofada reversível que reserva o colchão de possíveis manchas. Como todos os nossos acessórios, os sacos de bagagem são laváveis. Recomendamos a lavagem para prednas delicadas, máx. 30º C com o detergente hipoalergénico que normalmente utiliza para o seu bebé. É preferível não utilizar um secador. Ao passar a ferro, não pressione as peças com o ferro de modo a que não baixe o recheio e permaneça acolchoado. Aplique muito vapor para remover as rugas e higienizar as peças de vestuário. Combine a bolsa do seu bebé com a tampa da parede, o saco de pão e a capota correspondente." />
<meta property="og:url" content="https://lespiculins.com/pt-pt/produto/saco-carrycot-vichy-e-point-rosa-soft/" />
<meta property="og:site_name" content="Les Piculins" />
<meta name="twitter:card" content="summary_large_image" />
<script type="application/ld+json" class="yoast-schema-graph">{"@context":"https://schema.org","@graph":[{"@type":"WebPage","@id":"https://lespiculins.com/pt-pt/produto/saco-carrycot-vichy-e-point-rosa-soft/","url":"https://lespiculins.com/pt-pt/produto/saco-carrycot-vichy-e-point-rosa-soft/","name":"Saco Alcofa Vichy e Tricô Rosa Macia - Les Piculins","isPartOf":{"@id":"https://lespiculins.com/pt-pt/#website"},"datePublished":"2022-01-27T10:31:09+00:00","dateModified":"2022-01-27T10:31:09+00:00","breadcrumb":{"@id":"https://lespiculins.com/pt-pt/produto/saco-carrycot-vichy-e-point-rosa-soft/#breadcrumb"},"inLanguage":"pt-PT","potentialAction":[{"@type":"ReadAction","target":["https://lespiculins.com/pt-pt/produto/saco-carrycot-vichy-e-point-rosa-soft/"]}]},{"@type":"BreadcrumbList","@id":"https://lespiculins.com/pt-pt/produto/saco-carrycot-vichy-e-point-rosa-soft/#breadcrumb","itemListElement":[{"@type":"ListItem","position":1,"name":"Portada","item":"https://lespiculins.com/pt-pt/inicio/"},{"@type":"ListItem","position":2,"name":"Loja","item":"https://lespiculins.com/pt-pt/loja/"},{"@type":"ListItem","position":3,"name":"Saco Alcofa Vichy e Tricô Rosa Macia"}]},{"@type":"WebSite","@id":"https://lespiculins.com/pt-pt/#website","url":"https://lespiculins.com/pt-pt/","name":"Les Piculins","description":"Fundas para carritos, bugaboo, maclaren, icoo, bebecar, mima...","potentialAction":[{"@type":"SearchAction","target":{"@type":"EntryPoint","urlTemplate":"https://lespiculins.com/pt-pt/?s={search_term_string}"},"query-input":"required name=search_term_string"}],"inLanguage":"pt-PT"}]}</script>
<!-- / Yoast SEO plugin. -->

Saco Alcofa Vichy e Tricô Rosa Macia - Les Piculins

PRAZO DE ENTREGA 7-10 DIAS Saco para Carrycot em Vichy rosa macio com capa em malha rosa com uma trança central. Embozo con volantito en vichy. Este saco é composto por três peças: base ou colchão, cobertura amovível por dois fechos laterais e almofada reversível que reserva o colchão de possíveis manchas. Como todos os nossos acessórios, os sacos de bagagem são laváveis. Recomendamos a lavagem para prednas delicadas, máx. 30º C com o detergente hipoalergénico que normalmente utiliza para o seu bebé. É preferível não utilizar um secador. Ao passar a ferro, não pressione as peças com o ferro de modo a que não baixe o recheio e permaneça acolchoado. Aplique muito vapor para remover as rugas e higienizar as peças de vestuário. Combine a bolsa do seu bebé com a tampa da parede, o saco de pão e a capota correspondente.
