{"id":33080,"date":"2021-11-18T12:19:47","date_gmt":"2021-11-18T13:07:50","guid":{"rendered":"https:\/\/lespiculins.com\/producto\/revestimentos-de-parede-de-vichy-rosa-macio\/"},"modified":"2021-11-19T09:58:40","modified_gmt":"2021-11-19T08:58:40","slug":"revestimento-de-parede-vichy-rosa-macio","status":"publish","type":"product","link":"https:\/\/lespiculins.com\/pt-pt\/produto\/revestimento-de-parede-vichy-rosa-macio\/","title":{"rendered":"Cobertura de parede Vichy rosa macio"},"content":{"rendered":"","protected":false},"excerpt":{"rendered":"<p>PRAZO DE ENTREGA 7-10 DIAS<\/p>\n<p>Cubra para forrar a acoplinha de Vichy rosa macio do seu beb\u00ea com a liberdade london contorno volantito de flores em tons rosa beb\u00ea.<\/p>\n<p>Est\u00e1 forrado e enrolado para que o seu beb\u00e9 se sinta mais embrulhado. Inclui o fundita para o colch\u00e3o correspondente.<\/p>\n<p>Combine-o com nossos sacos, sacos e colchas de m\u00e3o.<\/p>\n","protected":false},"featured_media":33042,"template":"","meta":{"_joinchat":[]},"product_cat":[147],"product_tag":[336],"yoast_head":"<!-- This site is optimized with the Yoast SEO plugin v21.5 - https:\/\/yoast.com\/wordpress\/plugins\/seo\/ -->\n<title>Cobertura de parede Vichy rosa macio - Les Piculins<\/title>\n<meta name=\"robots\" content=\"index, follow, max-snippet:-1, max-image-preview:large, max-video-preview:-1\" \/>\n<link rel=\"canonical\" href=\"https:\/\/lespiculins.com\/pt-pt\/produto\/revestimento-de-parede-vichy-rosa-macio\/\" \/>\n<meta property=\"og:locale\" content=\"pt_PT\" \/>\n<meta property=\"og:type\" content=\"article\" \/>\n<meta property=\"og:title\" content=\"Cobertura de parede Vichy rosa macio - Les Piculins\" \/>\n<meta property=\"og:description\" content=\"PRAZO DE ENTREGA 7-10 DIAS Cubra para forrar a acoplinha de Vichy rosa macio do seu beb\u00ea com a liberdade london contorno volantito de flores em tons rosa beb\u00ea. Est\u00e1 forrado e enrolado para que o seu beb\u00e9 se sinta mais embrulhado. Inclui o fundita para o colch\u00e3o correspondente. Combine-o com nossos sacos, sacos e colchas de m\u00e3o.\" \/>\n<meta property=\"og:url\" content=\"https:\/\/lespiculins.com\/pt-pt\/produto\/revestimento-de-parede-vichy-rosa-macio\/\" \/>\n<meta property=\"og:site_name\" content=\"Les Piculins\" \/>\n<meta property=\"article:modified_time\" content=\"2021-11-19T08:58:40+00:00\" \/>\n<meta property=\"og:image\" content=\"https:\/\/lespiculins.com\/wp-content\/uploads\/2021\/11\/Cubrevichyrosa1.jpg\" \/>\n\t<meta property=\"og:image:width\" content=\"1080\" \/>\n\t<meta property=\"og:image:height\" content=\"1151\" \/>\n\t<meta property=\"og:image:type\" content=\"image\/jpeg\" \/>\n<meta name=\"twitter:card\" content=\"summary_large_image\" \/>\n<script type=\"application\/ld+json\" class=\"yoast-schema-graph\">{\"@context\":\"https:\/\/schema.org\",\"@graph\":[{\"@type\":\"WebPage\",\"@id\":\"https:\/\/lespiculins.com\/pt-pt\/produto\/revestimento-de-parede-vichy-rosa-macio\/\",\"url\":\"https:\/\/lespiculins.com\/pt-pt\/produto\/revestimento-de-parede-vichy-rosa-macio\/\",\"name\":\"Cobertura de parede Vichy rosa macio - Les Piculins\",\"isPartOf\":{\"@id\":\"https:\/\/lespiculins.com\/pt-pt\/#website\"},\"datePublished\":\"2021-11-18T13:07:50+00:00\",\"dateModified\":\"2021-11-19T08:58:40+00:00\",\"breadcrumb\":{\"@id\":\"https:\/\/lespiculins.com\/pt-pt\/produto\/revestimento-de-parede-vichy-rosa-macio\/#breadcrumb\"},\"inLanguage\":\"pt-PT\",\"potentialAction\":[{\"@type\":\"ReadAction\",\"target\":[\"https:\/\/lespiculins.com\/pt-pt\/produto\/revestimento-de-parede-vichy-rosa-macio\/\"]}]},{\"@type\":\"BreadcrumbList\",\"@id\":\"https:\/\/lespiculins.com\/pt-pt\/produto\/revestimento-de-parede-vichy-rosa-macio\/#breadcrumb\",\"itemListElement\":[{\"@type\":\"ListItem\",\"position\":1,\"name\":\"Portada\",\"item\":\"https:\/\/lespiculins.com\/pt-pt\/inicio\/\"},{\"@type\":\"ListItem\",\"position\":2,\"name\":\"Loja\",\"item\":\"https:\/\/lespiculins.com\/pt-pt\/loja\/\"},{\"@type\":\"ListItem\",\"position\":3,\"name\":\"Cobertura de parede Vichy rosa macio\"}]},{\"@type\":\"WebSite\",\"@id\":\"https:\/\/lespiculins.com\/pt-pt\/#website\",\"url\":\"https:\/\/lespiculins.com\/pt-pt\/\",\"name\":\"Les Piculins\",\"description\":\"Fundas para carritos, bugaboo, maclaren, icoo, bebecar, mima...\",\"potentialAction\":[{\"@type\":\"SearchAction\",\"target\":{\"@type\":\"EntryPoint\",\"urlTemplate\":\"https:\/\/lespiculins.com\/pt-pt\/?s={search_term_string}\"},\"query-input\":\"required name=search_term_string\"}],\"inLanguage\":\"pt-PT\"}]}<\/script>\n<!-- \/ Yoast SEO plugin. -->","yoast_head_json":{"title":"Cobertura de parede Vichy rosa macio - Les Piculins","robots":{"index":"index","follow":"follow","max-snippet":"max-snippet:-1","max-image-preview":"max-image-preview:large","max-video-preview":"max-video-preview:-1"},"canonical":"https:\/\/lespiculins.com\/pt-pt\/produto\/revestimento-de-parede-vichy-rosa-macio\/","og_locale":"pt_PT","og_type":"article","og_title":"Cobertura de parede Vichy rosa macio - Les Piculins","og_description":"PRAZO DE ENTREGA 7-10 DIAS Cubra para forrar a acoplinha de Vichy rosa macio do seu beb\u00ea com a liberdade london contorno volantito de flores em tons rosa beb\u00ea. Est\u00e1 forrado e enrolado para que o seu beb\u00e9 se sinta mais embrulhado. Inclui o fundita para o colch\u00e3o correspondente. Combine-o com nossos sacos, sacos e colchas de m\u00e3o.","og_url":"https:\/\/lespiculins.com\/pt-pt\/produto\/revestimento-de-parede-vichy-rosa-macio\/","og_site_name":"Les Piculins","article_modified_time":"2021-11-19T08:58:40+00:00","og_image":[{"width":1080,"height":1151,"url":"https:\/\/lespiculins.com\/wp-content\/uploads\/2021\/11\/Cubrevichyrosa1.jpg","type":"image\/jpeg"}],"twitter_card":"summary_large_image","schema":{"@context":"https:\/\/schema.org","@graph":[{"@type":"WebPage","@id":"https:\/\/lespiculins.com\/pt-pt\/produto\/revestimento-de-parede-vichy-rosa-macio\/","url":"https:\/\/lespiculins.com\/pt-pt\/produto\/revestimento-de-parede-vichy-rosa-macio\/","name":"Cobertura de parede Vichy rosa macio - Les Piculins","isPartOf":{"@id":"https:\/\/lespiculins.com\/pt-pt\/#website"},"datePublished":"2021-11-18T13:07:50+00:00","dateModified":"2021-11-19T08:58:40+00:00","breadcrumb":{"@id":"https:\/\/lespiculins.com\/pt-pt\/produto\/revestimento-de-parede-vichy-rosa-macio\/#breadcrumb"},"inLanguage":"pt-PT","potentialAction":[{"@type":"ReadAction","target":["https:\/\/lespiculins.com\/pt-pt\/produto\/revestimento-de-parede-vichy-rosa-macio\/"]}]},{"@type":"BreadcrumbList","@id":"https:\/\/lespiculins.com\/pt-pt\/produto\/revestimento-de-parede-vichy-rosa-macio\/#breadcrumb","itemListElement":[{"@type":"ListItem","position":1,"name":"Portada","item":"https:\/\/lespiculins.com\/pt-pt\/inicio\/"},{"@type":"ListItem","position":2,"name":"Loja","item":"https:\/\/lespiculins.com\/pt-pt\/loja\/"},{"@type":"ListItem","position":3,"name":"Cobertura de parede Vichy rosa macio"}]},{"@type":"WebSite","@id":"https:\/\/lespiculins.com\/pt-pt\/#website","url":"https:\/\/lespiculins.com\/pt-pt\/","name":"Les Piculins","description":"Fundas para carritos, bugaboo, maclaren, icoo, bebecar, mima...","potentialAction":[{"@type":"SearchAction","target":{"@type":"EntryPoint","urlTemplate":"https:\/\/lespiculins.com\/pt-pt\/?s={search_term_string}"},"query-input":"required name=search_term_string"}],"inLanguage":"pt-PT"}]}},"_links":{"self":[{"href":"https:\/\/lespiculins.com\/pt-pt\/wp-json\/wp\/v2\/product\/33080"}],"collection":[{"href":"https:\/\/lespiculins.com\/pt-pt\/wp-json\/wp\/v2\/product"}],"about":[{"href":"https:\/\/lespiculins.com\/pt-pt\/wp-json\/wp\/v2\/types\/product"}],"wp:featuredmedia":[{"embeddable":true,"href":"https:\/\/lespiculins.com\/pt-pt\/wp-json\/wp\/v2\/media\/33042"}],"wp:attachment":[{"href":"https:\/\/lespiculins.com\/pt-pt\/wp-json\/wp\/v2\/media?parent=33080"}],"wp:term":[{"taxonomy":"product_cat","embeddable":true,"href":"https:\/\/lespiculins.com\/pt-pt\/wp-json\/wp\/v2\/product_cat?post=33080"},{"taxonomy":"product_tag","embeddable":true,"href":"https:\/\/lespiculins.com\/pt-pt\/wp-json\/wp\/v2\/product_tag?post=33080"}],"curies":[{"name":"wp","href":"https:\/\/api.w.org\/{rel}","templated":true}]}}

<p>PRAZO DE ENTREGA 7-10 DIAS</p>
<p>Cubra para forrar a acoplinha de Vichy rosa macio do seu bebê com a liberdade london contorno volantito de flores em tons rosa bebê.</p>
<p>Está forrado e enrolado para que o seu bebé se sinta mais embrulhado. Inclui o fundita para o colchão correspondente.</p>
<p>Combine-o com nossos sacos, sacos e colchas de mão.</p>

<!-- This site is optimized with the Yoast SEO plugin v21.5 - https://yoast.com/wordpress/plugins/seo/ -->
<title>Cobertura de parede Vichy rosa macio - Les Piculins</title>
<meta name="robots" content="index, follow, max-snippet:-1, max-image-preview:large, max-video-preview:-1" />
<link rel="canonical" href="https://lespiculins.com/pt-pt/produto/revestimento-de-parede-vichy-rosa-macio/" />
<meta property="og:locale" content="pt_PT" />
<meta property="og:type" content="article" />
<meta property="og:title" content="Cobertura de parede Vichy rosa macio - Les Piculins" />
<meta property="og:description" content="PRAZO DE ENTREGA 7-10 DIAS Cubra para forrar a acoplinha de Vichy rosa macio do seu bebê com a liberdade london contorno volantito de flores em tons rosa bebê. Está forrado e enrolado para que o seu bebé se sinta mais embrulhado. Inclui o fundita para o colchão correspondente. Combine-o com nossos sacos, sacos e colchas de mão." />
<meta property="og:url" content="https://lespiculins.com/pt-pt/produto/revestimento-de-parede-vichy-rosa-macio/" />
<meta property="og:site_name" content="Les Piculins" />
<meta property="article:modified_time" content="2021-11-19T08:58:40+00:00" />
<meta property="og:image" content="https://lespiculins.com/wp-content/uploads/2021/11/Cubrevichyrosa1.jpg" />
	<meta property="og:image:width" content="1080" />
	<meta property="og:image:height" content="1151" />
	<meta property="og:image:type" content="image/jpeg" />
<meta name="twitter:card" content="summary_large_image" />
<script type="application/ld+json" class="yoast-schema-graph">{"@context":"https://schema.org","@graph":[{"@type":"WebPage","@id":"https://lespiculins.com/pt-pt/produto/revestimento-de-parede-vichy-rosa-macio/","url":"https://lespiculins.com/pt-pt/produto/revestimento-de-parede-vichy-rosa-macio/","name":"Cobertura de parede Vichy rosa macio - Les Piculins","isPartOf":{"@id":"https://lespiculins.com/pt-pt/#website"},"datePublished":"2021-11-18T13:07:50+00:00","dateModified":"2021-11-19T08:58:40+00:00","breadcrumb":{"@id":"https://lespiculins.com/pt-pt/produto/revestimento-de-parede-vichy-rosa-macio/#breadcrumb"},"inLanguage":"pt-PT","potentialAction":[{"@type":"ReadAction","target":["https://lespiculins.com/pt-pt/produto/revestimento-de-parede-vichy-rosa-macio/"]}]},{"@type":"BreadcrumbList","@id":"https://lespiculins.com/pt-pt/produto/revestimento-de-parede-vichy-rosa-macio/#breadcrumb","itemListElement":[{"@type":"ListItem","position":1,"name":"Portada","item":"https://lespiculins.com/pt-pt/inicio/"},{"@type":"ListItem","position":2,"name":"Loja","item":"https://lespiculins.com/pt-pt/loja/"},{"@type":"ListItem","position":3,"name":"Cobertura de parede Vichy rosa macio"}]},{"@type":"WebSite","@id":"https://lespiculins.com/pt-pt/#website","url":"https://lespiculins.com/pt-pt/","name":"Les Piculins","description":"Fundas para carritos, bugaboo, maclaren, icoo, bebecar, mima...","potentialAction":[{"@type":"SearchAction","target":{"@type":"EntryPoint","urlTemplate":"https://lespiculins.com/pt-pt/?s={search_term_string}"},"query-input":"required name=search_term_string"}],"inLanguage":"pt-PT"}]}</script>
<!-- / Yoast SEO plugin. -->

PRAZO DE ENTREGA 7-10 DIAS Cubra para forrar a acoplinha de Vichy rosa macio do seu bebê com a liberdade london contorno volantito de flores em tons rosa bebê. Está forrado e enrolado para que o seu bebé se sinta mais embrulhado. Inclui o fundita para o colchão correspondente. Combine-o com nossos sacos, sacos e colchas de mão.
